 are the prime factors of v?
2, 3, 1163
Let s be -3*(-1)/(-6)*(-164)/2. Suppose s = -4*x + 4*t + t, 4*x + 4*t - 4 = 0. What are the prime factors of (34/x)/(-1*3/78)?
13, 17
Let h(x) = x**2 - x + 4. Let q be h(0). Suppose -q = -2*t + 20. Let y(u) = u + 25. What are the prime factors of y(t)?
37
Let h = -192 + 195. Suppose 3*g = h*o + 531, -4*g + 8*g - 706 = 3*o. What are the prime factors of g?
5, 7
Suppose -70*c = -272*c - 27*c + 6785041. List the prime factors of c.
29629
Let c = 5 - -33. Let b = -34 + c. Suppose -3*h = -b*q - 174 - 19, -4*h - q = -232. What are the prime factors of h?
59
Let c = -795 + 804. Suppose -1613 = -c*j + 1465. What are the prime factors of j?
2, 3, 19
Suppose 7*k = -307 + 321. What are the prime factors of ((-2 - 861)*-2)/k?
863
Let n = 846 + -1596. Let b = n - -1081. What are the prime factors of b?
331
Let l(j) = j**2 + 17*j + 38. Let k be l(-11). Let q = 36 - k. Let n = q - -108. What are the prime factors of n?
2, 43
Suppose -63326 + 9001 = -41*a. What are the prime factors of a?
5, 53
Let n(y) = 1317*y**2 + 17*y + 9. Let q be n(-2). List the prime factors of q/5 - 21/35.
2, 131
List the prime factors of (-79031 - 504)*((-21)/(-15) - 2).
3, 15907
Suppose -5*o = -3*t - 19928, -8*t + 9*t + 6628 = -2*o. List the prime factors of (12/3)/((-21)/t).
2, 79
Let a(j) = 2069*j**2 - 34*j - 72. List the prime factors of a(-2).
2, 11, 47
Let c(l) = 12*l**2 - 13*l + 24. Let p = 211 + -207. What are the prime factors of c(p)?
2, 41
Let k = -43272 + 71761. List the prime factors of k.
31, 919
Let i(m) = m - 1. Suppose 52 = -16*g - 12. Let b(u) = 4*u. Let z(w) = g*b(w) + 12*i(w). List the prime factors of z(-16).
2, 13
Suppose -63*i + 60*i + 40587 = -3*d, -i + 13523 = -4*d. List the prime factors of i.
7, 1933
Let s(z) = -2062*z - 1542. What are the prime factors of s(-9)?
2, 3, 709
Let p = -2771 - -1970. Let f = p - -1425. What are the prime factors of f?
2, 3, 13
Let r = -73 - -50. Let n = r + 35. What are the prime factors of 178/n + 5/30?
3, 5
What are the prime factors of (-9 + 7)/((-43)/175612)?
2, 1021
Let b(x) = -6*x**3 - 6*x**2 + 37*x + 42. What are the prime factors of b(-5)?
457
Suppose 4*m - 4*a + 165 = -5*a, -185 = 5*m - 3*a. What are the prime factors of (m/(-6))/((-16)/(-264)) + -2?
2, 3
Let z(o) = 30*o**3 - 5*o + 3. Let d be z(1). What are the prime factors of (3/2 + 6)*d?
2, 3, 5, 7
Let f(t) = t**2 - t - 24. Let c be f(-3). List the prime factors of 8/6*-114*21/c.
2, 7, 19
Let o(x) = -x**3 + 14*x**2 + 9*x - 18. Let c be o(13). Let v = c + -143. Let s = v + -88. What are the prime factors of s?
37
List the prime factors of (-816926)/(-19) - (7 - (-1441)/(-209)).
2, 3, 3583
Suppose 0 = 3*y + 12, -s - 2*s - 2*y + 10 = 0. Suppose 0 = -i + s*i + 60. What are the prime factors of 2/(-6) - 172/i?
2, 7
Suppose -b + 2 = u - 48, 3*u = -5*b + 256. What are the prime factors of (1 - -187) + (b - 61)?
2, 3, 5
Suppose -105*o = -100*o - 1170. Suppose c = 4, 3*c - 212 - o = -u. List the prime factors of u.
2, 7, 31
Suppose -1005682 = -142*c - 223546. What are the prime factors of c?
2, 3, 17
Let u(t) = 279*t**2 - 119*t - 123. List the prime factors of u(13).
45481
Suppose -4*d + 13 = 1. Suppose d*o = 10*o - 21. Suppose 2*q = -3*i + 257, 2*i - 3*i + o*q = -104. List the prime factors of i.
89
What are the prime factors of -3 + (5909 - (-7)/(28/8))?
2, 7, 211
List the prime factors of (0 - -2)/(79/(-474) - 9377/(-56226)).
2, 9371
Let h be -1475 + ((-12)/4 - -3)/2. Let y = -800 - h. List the prime factors of y.
3, 5
Suppose -77*y = -73*y - 7204. Let w = -937 + y. Suppose 4*u + w = 10*u. What are the prime factors of u?
2, 3
Suppose 22*x + 31*x = -106. Let t(r) = -1 + r**2 - 4*r - 8*r**3 - r**2. What are the prime factors of t(x)?
71
Let d be ((-1 - (0 + -1)) + 0)/2. Suppose 3*x - 162 - 132 = d. Let j = x - 43. List the prime factors of j.
5, 11
Suppose -16*x - 13835 = -21*x - 4*g, -4*x - 5*g = -11077. List the prime factors of x.
3, 307
Let y = 8880 + 16798. What are the prime factors of y?
2, 37, 347
Let c = 393 + 211. What are the prime factors of c?
2, 151
Suppose 5*x = 5*m + 64191 + 70584, m + 2 = 0. What are the prime factors of x?
26953
Let o be (-21 + 26)*(1 - 0). Let s = 63 - 59. Suppose -o*m + 2*t + 746 = 0, 2*m + m - 456 = s*t. What are the prime factors of m?
2, 37
Let j(r) = -1130*r**3 - r**2 + r + 2. Let i = -153 - -152. What are the prime factors of j(i)?
2, 5, 113
Let z = 39 + -34. Let u(a) = 10*a - a**3 - z - 2 + 9*a**2 - 9*a**2 - 4*a**2. List the prime factors of u(-7).
2, 5, 7
Suppose -o - k + 3375 = 0, -o + 2*k + 3369 = -3*k. Suppose -c - o = -2*v + 3*c, 0 = -3*v - 5*c + 5094. List the prime factors of v.
1693
Let d = -11932 - -12638. List the prime factors of d.
2, 353
Let b be 3*((-1)/(-5))/(24/40). Let y(a) = -a + 4. Let c be y(b). Suppose -4*f + 710 = -2*m, -6*f + c*f - 3*m = -519. List the prime factors of f.
2, 11
Let b(c) = 8*c**3 - 10*c - c**2 - 9*c**3 + 16 - 4. What are the prime factors of b(-6)?
2, 3, 7
Let x = -85 - -88. Suppose 3*u = x*w + 102 + 1284, -4*u + 5*w + 1851 = 0. What are the prime factors of u?
3, 17
Let j(v) = 5432*v + 1444. List the prime factors of j(3).
2, 5, 887
Suppose -5*y - 3*k + 200 = 0, 8*y - 11*y + 4*k = -149. Suppose 11169 = -34*d + y*d. What are the prime factors of d?
17, 73
Suppose -5*a - 4*u = 322, u = -3*a + 4*u - 177. Let h = a - -62. Suppose -o + h*o - d + 75 = 0, 3*d + 249 = 3*o. List the prime factors of o.
79
Let m be (-10)/(-15) - (-470)/6. Suppose 0 = 3*t - m + 64. Let k(j) = 3*j**3 - 8*j**2 + 4*j + 16. What are the prime factors of k(t)?
211
Suppose 3*c - 14882 = -4*f + 6649, 4*c - 28707 = -5*f. List the prime factors of c.
3, 797
Suppose k + 10 = 4*z, 0 = -4*z - 1 + 13. Suppose 4*n + 4 = 4*w + 5*n, k*w = -5*n - 16. Suppose w*v = 11*v - 1620. List the prime factors of v.
2, 3, 5
Let x(v) = 7*v**2 - 7*v - 55. Suppose -148 = 23*n + 59. What are the prime factors of x(n)?
5, 23
Let l be 18/4*(61 + -21). Suppose l = 2*j + 4*j. List the prime factors of j.
2, 3, 5
Suppose 24*s = -10*s + 13940. Suppose s = 2*v + 6*j, -4*v + 400 = 5*j - 455. What are the prime factors of v?
2, 5, 11
Let w = 671 - 453. Suppose 19*h - w - 3031 = 0. What are the prime factors of h?
3, 19
Let n(s) = 241*s**2 - 123*s + 716. What are the prime factors of n(7)?
2, 3
Let v = 100 + -82. Let l(x) = 16*x + 16. List the prime factors of l(v).
2, 19
Let m(h) = 1596*h - 877. List the prime factors of m(17).
5, 59, 89
Let g(c) = -27*c + 64. Let f(q) = -26*q + 66. Let r(s) = -5*f(s) + 4*g(s). List the prime factors of r(11).
2, 3, 7
What are the prime factors of 128/(-112) - 382374/(-42)?
9103
Let n(i) be the second derivative of -16/3*i**3 + 0 + 2*i**2 - 21*i. What are the prime factors of n(-4)?
2, 3, 11
Let w = -2290 + 11219. List the prime factors of w.
8929
Let u be 6/(-12) - -2*(-9)/(-12). List the prime factors of ((-21328)/310)/(1/(u + -6)).
2, 43
Let g(p) = 3*p - 21. Let h = 92 - 86. Let a be g(h). What are the prime factors of (1 + 1)*(a + 1035/10)?
3, 67
Let a = -979 - -672. Let t = a + 1186. What are the prime factors of t?
3, 293
List the prime factors of -485*(-3)/(-6)*(11 + 876/(-60)).
3, 97
Let h = 10610 + 30521. What are the prime factors of h?
41131
Let v(t) = -t**3 - 7*t**2 + 6*t + 6. Let y(x) = 2*x - 27. Let u be y(5). Let b be ((-3)/(30/(-16)))/(u/85). List the prime factors of v(b).
2, 11
Suppose -2*i - 4*u + 705 = -53, 757 = 2*i + 5*u. Suppose 8*x - 1763 = i. What are the prime factors of x?
2, 67
Let r = 3800 - -1580. List the prime factors of r.
2, 5, 269
Let b(o) = 21*o + 30. Let f(t) = t**2 - 64*t - 91. Let u(w) = 7*b(w) + 2*f(w). Let i(c) be the first derivative of u(c). What are the prime factors of i(8)?
3, 17
Suppose 3*i - 2*i = -22*i. Suppose 3*o + 11*z = 6*z + 2105, i = 5*z - 20. What are the prime factors of o?
5, 139
Suppose 52*v = 49*v + 42. Let z = v + -12. List the prime factors of 226 - (-10)/(-2) - z.
3, 73
Let l(z) = 5*z**2 - 9*z + 7. Suppose 12 + 8 = 5*h - 2*a, 0 = -a. List the prime factors of l(h).
3, 17
Suppose 3*x - 3 = 0, 3*d + 2*d + 105 = 5*x. Let p = 24 + d. List the prime factors of 1 + 0 - (-496)/p.
5
Let j(h) = h**3 + 30*h**2 + 19*h - 537. What are the prime factors of j(-20)?
3083
Let i(j) be the third derivative of j**6/24 - j**5/60 + j**4/24 